{"id":41,"date":"2018-03-01T20:44:51","date_gmt":"2018-03-01T19:44:51","guid":{"rendered":"http:\/\/blog.turistica.si\/inotez\/?page_id=41"},"modified":"2020-10-08T09:56:48","modified_gmt":"2020-10-08T07:56:48","slug":"o-projektu","status":"publish","type":"page","link":"https:\/\/blog.turistica.si\/inotez\/o-projektu\/","title":{"rendered":"O projektu"},"content":{"rendered":"<p>Projekt InoTeZ \u2013 Inovativno s tehnologijo do znanja je bil izbran v okviru razpisa \u00bbVklju\u010devanje&nbsp; uporabe informacijsko-komunikacijske tehnologije v visoko\u0161olskem pedago\u0161kem procesu\u00ab, ki ga je razpisalo Ministrstvo za visoko \u0161olstvo, znanost in tehnologijo RS. Razpis se je izvedel v okviru \u00bbOperativnega programa za izvajanje evropske kohezijske politike v obdobju 2014\u20132020\u00ab.<\/p>\n<p>Operativni program spodbuja pro\u017ene oblike u\u010denja in podpira kakovostno karierno orientacijo \u0161olajo\u010de se mladine na vseh ravneh izobra\u017eevalnega sistema (Cilj: 10.1.3). Projekt InoTeZ se v ve\u010djem delu financira iz sredstev Evropskega socialnega sklada (80 %), razliko pa priskrbi Slovenija. Podobna projekta se izvajata tudi na Univerzi v Ljubljani in Univerzi v Mariboru.<\/p>\n<p>Aktivnosti projekta InoTeZ je UP za\u010dela izvajati maja 2017, zaklju\u010dila pa jih je septembra 2020. V tem \u010dasu je projektna skupina, v katero so bili vklju\u010deni predstavniki vseh pedago\u0161kih \u010dlanic UP, vzpostavljala pogoje, ki bodo u\u010diteljem in \u0161tudentom omogo\u010dili bolj u\u010dinkovito uporabo informacijsko-komunikacijskih tehnologij (IKT) v pedago\u0161kem procesu. Osnovni cilj projekta je bila vzpostavitev enotne tehni\u010dne in pedago\u0161ko-didakti\u010dne podpore pri uporabi IKT, ki bo visoko\u0161olskim u\u010diteljem, sodelavcem in \u0161tudentom na razpolago tudi po zaklju\u010dku projekta. Z ve\u010djim in bolj smiselnim vklju\u010devanjem IKT v pedago\u0161ki proces spodbujamo sodoben in na \u0161tudenta osredinjen proces u\u010denja in pou\u010devanja.<\/p>\n<p>V \u010dasu projekta smo naredili posnetek stanja s tehnic\u030cnega in pedago\u0161ko-didakti\u010dnega vidika. Na osnovi posnetka stanja in prou\u010devanja sodobnih tokov na podro\u010dju visoko\u0161olskega izobra\u017eevanja je projektna skupina pripravila minimalne tehni\u010dne in pedago\u0161ke standarde za e-u\u010dilnice ter spodbudila razpravo o strategiji UP na podro\u010dju kombiniranega u\u010denja in pou\u010devanja. V okviru projekta smo organizirali tudi izobra\u017eevalne delavnice za u\u010ditelje o smiselni uporabi IKT v pedago\u0161kem procesu. Oblikovali smo tudi prosto dostopna u\u010dna gradiva in navodila za uporabo digitalnih u\u010dnih tehnologij in jih ponudili vsem zainteresiranim u\u010diteljem na portalu Odprta UP (<a href=\"https:\/\/odprtaup.upr.si\/\">https:\/\/odprtaup.upr.si\/<\/a>). Vsa tri leta trajanja projekta smo organizirali tudi Lastovke UP (prvi dve sta se odvijali v tednu odprtega izobra\u017eevanja (<a href=\"https:\/\/www.openeducationweek.org\/\">https:\/\/www.openeducationweek.org\/<\/a>), kjer smo izmenjevali dobre prakse pri uporabi IKT v pedago\u0161kem procesu. Posnetki zadnje konference Lastovke 2020, ki so bile posve\u010dene u\u010denju in pou\u010devanju v \u010dasu pandemije COVID-19, so dostopne na portalu Odprta UP.<\/p>\n<p>&nbsp;<\/p>\n<p><strong>Koordinatorica projekta<\/strong>: dr. Viktorija Florjan\u010di\u010d <em>(UP Fakulteta za management)<\/em><\/p>\n<p><strong>\u010clani projektne skupine<\/strong>: <strong id=\"yui_3_17_2_1_1569170626828_674\"><\/strong><\/p>\n<p>2017-18: dr. Bo\u0161tjan \u017dvanut in dr. Patrik Pucer <em>(UP Fakulteta za vede o zdravju)<\/em>, mag. \u0160arolta Godni\u010d Vi\u010di\u010d (<em>UP Fakulteta za turisti\u010dne \u0161tudije \u2013 Turistica)<\/em>, dr. Branko Kav\u0161ek&nbsp;(<em>UP Fakulteta za matematiko, naravoslovje in informacijsko tehnologijo<\/em>), dr. Jernej Vi\u010di\u010d<em> (UP Fakulteta za matematiko, naravoslovje in informacijsko tehnologijo, IAM)<\/em>, dr. Dejan Hozjan&nbsp;<em>(UP Pedago\u0161ka fakulteta)<\/em> in dr. Stanko Pelc <em>(UP Fakulteta za humanisti\u010dne \u0161tudije, UP Pedago\u0161ka fakulteta), <\/em>Marta Alberti<em> (Slu\u017eba za raziskovalno in razvojno dejavnost)<\/em>.<\/p>\n<p>2018-19: dr. Bo\u0161tjan \u017dvanut in dr. Patrik Pucer <em>(UP Fakulteta za vede o zdravju)<\/em>, mag. \u0160arolta Godni\u010d Vi\u010di\u010d in Sa\u0161a Planinc (<em>UP Fakulteta za turisti\u010dne \u0161tudije \u2013 Turistica)<\/em>, dr. Jernej Vi\u010di\u010d<em> (UP Fakulteta za matematiko, naravoslovje in informacijsko tehnologijo, IAM)<\/em>, dr. Stanko Pelc <em>(UP Fakulteta za humanisti\u010dne \u0161tudije, UP Pedago\u0161ka fakulteta), <\/em>Damjan Muhi\u010d<em> (Slu\u017eba za podobo UP), <\/em>Oton Lahajnar<em> (Slu\u017eba za raziskovalno in razvojno dejavnost)<\/em>.<\/p>\n<p>2019-20: dr. Bo\u0161tjan \u017dvanut in dr. Patrik Pucer <em>(UP Fakulteta za vede o zdravju)<\/em>, mag. \u0160arolta Godni\u010d Vi\u010di\u010d in Sa\u0161a Planinc (<em>UP Fakulteta za turisti\u010dne \u0161tudije \u2013 Turistica)<\/em>, dr. Jernej Vi\u010di\u010d<em> (UP Fakulteta za matematiko, naravoslovje in informacijsko tehnologijo, IAM)<\/em>, dr. Stanko Pelc <em>(UP Fakulteta za humanisti\u010dne \u0161tudije, UP Pedago\u0161ka fakulteta), <\/em>Damjan Muhi\u010d<em> (Slu\u017eba za podobo UP), <\/em>Tja\u0161a Kranjec<em> (Slu\u017eba za raziskovalno in razvojno dejavnost) <\/em>in Ale\u0161 Oven <em>(Rektorat UP)<\/em>.<\/p>\n<p><strong>Trajanje projekta<\/strong>: 2017-2020<\/p>\n<p><strong>Projekt sta financirala:<\/strong> Ministrstvo za izobra\u017eevanje, znanost in \u0161port ter Evropski socialni sklad Evropske unije<\/p>\n<p>&#8212;<\/p>\n<p><span style=\"font-size: 12px; color: #808080;\"><em>Fotografija: CC-BY jcomp \/ Freepik<\/em><\/span><\/p>\n","protected":false},"excerpt":{"rendered":"<p>Projekt InoTeZ \u2013 Inovativno s tehnologijo do znanja je bil izbran v okviru razpisa \u00bbVklju\u010devanje&nbsp; uporabe informacijsko-komunikacijske tehnologije v visoko\u0161olskem pedago\u0161kem procesu\u00ab, ki ga je razpisalo Ministrstvo za visoko \u0161olstvo, znanost in tehnologijo RS. Razpis se je izvedel v okviru \u00bbOperativnega programa za izvajanje evropske kohezijske politike v obdobju 2014\u20132020\u00ab. Operativni program spodbuja pro\u017ene oblike u\u010denja in podpira kakovostno karierno orientacijo \u0161olajo\u010de se mladine na vseh ravneh izobra\u017eevalnega sistema (Cilj: 10.1.3). Projekt InoTeZ se v ve\u010djem delu financira iz sredstev Evropskega socialnega sklada (80 %), razliko pa priskrbi Slovenija. Podobna projekta se izvajata tudi na Univerzi v Ljubljani in Univerzi v Mariboru. Aktivnosti projekta InoTeZ<span class=\"more-link\"><a href=\"https:\/\/blog.turistica.si\/inotez\/o-projektu\/\">Ve\u010d &#8230; <\/a><\/span><\/p>\n","protected":false},"author":3,"featured_media":124,"parent":0,"menu_order":2,"comment_status":"closed","ping_status":"closed","template":"","meta":{"ngg_post_thumbnail":0,"jetpack_post_was_ever_published":false,"footnotes":""},"class_list":["entry","author-sarolta","post-41","page","type-page","status-publish","has-post-thumbnail"],"jetpack_sharing_enabled":true,"jetpack_shortlink":"https:\/\/wp.me\/P9LuxH-F","jetpack_likes_enabled":true,"jetpack-related-posts":[],"_links":{"self":[{"href":"https:\/\/blog.turistica.si\/inotez\/wp-json\/wp\/v2\/pages\/41","targetHints":{"allow":["GET"]}}],"collection":[{"href":"https:\/\/blog.turistica.si\/inotez\/wp-json\/wp\/v2\/pages"}],"about":[{"href":"https:\/\/blog.turistica.si\/inotez\/wp-json\/wp\/v2\/types\/page"}],"author":[{"embeddable":true,"href":"https:\/\/blog.turistica.si\/inotez\/wp-json\/wp\/v2\/users\/3"}],"replies":[{"embeddable":true,"href":"https:\/\/blog.turistica.si\/inotez\/wp-json\/wp\/v2\/comments?post=41"}],"version-history":[{"count":8,"href":"https:\/\/blog.turistica.si\/inotez\/wp-json\/wp\/v2\/pages\/41\/revisions"}],"predecessor-version":[{"id":1667,"href":"https:\/\/blog.turistica.si\/inotez\/wp-json\/wp\/v2\/pages\/41\/revisions\/1667"}],"wp:featuredmedia":[{"embeddable":true,"href":"https:\/\/blog.turistica.si\/inotez\/wp-json\/wp\/v2\/media\/124"}],"wp:attachment":[{"href":"https:\/\/blog.turistica.si\/inotez\/wp-json\/wp\/v2\/media?parent=41"}],"curies":[{"name":"wp","href":"https:\/\/api.w.org\/{rel}","templated":true}]}}

<p>Projekt InoTeZ – Inovativno s tehnologijo do znanja je bil izbran v okviru razpisa »Vključevanje&nbsp; uporabe informacijsko-komunikacijske tehnologije v visokošolskem pedagoškem procesu«, ki ga je razpisalo Ministrstvo za visoko šolstvo, znanost in tehnologijo RS. Razpis se je izvedel v okviru »Operativnega programa za izvajanje evropske kohezijske politike v obdobju 2014–2020«.</p>
<p>Operativni program spodbuja prožne oblike učenja in podpira kakovostno karierno orientacijo šolajoče se mladine na vseh ravneh izobraževalnega sistema (Cilj: 10.1.3). Projekt InoTeZ se v večjem delu financira iz sredstev Evropskega socialnega sklada (80 %), razliko pa priskrbi Slovenija. Podobna projekta se izvajata tudi na Univerzi v Ljubljani in Univerzi v Mariboru.</p>
<p>Aktivnosti projekta InoTeZ je UP začela izvajati maja 2017, zaključila pa jih je septembra 2020. V tem času je projektna skupina, v katero so bili vključeni predstavniki vseh pedagoških članic UP, vzpostavljala pogoje, ki bodo učiteljem in študentom omogočili bolj učinkovito uporabo informacijsko-komunikacijskih tehnologij (IKT) v pedagoškem procesu. Osnovni cilj projekta je bila vzpostavitev enotne tehnične in pedagoško-didaktične podpore pri uporabi IKT, ki bo visokošolskim učiteljem, sodelavcem in študentom na razpolago tudi po zaključku projekta. Z večjim in bolj smiselnim vključevanjem IKT v pedagoški proces spodbujamo sodoben in na študenta osredinjen proces učenja in poučevanja.</p>
<p>V času projekta smo naredili posnetek stanja s tehničnega in pedagoško-didaktičnega vidika. Na osnovi posnetka stanja in proučevanja sodobnih tokov na področju visokošolskega izobraževanja je projektna skupina pripravila minimalne tehnične in pedagoške standarde za e-učilnice ter spodbudila razpravo o strategiji UP na področju kombiniranega učenja in poučevanja. V okviru projekta smo organizirali tudi izobraževalne delavnice za učitelje o smiselni uporabi IKT v pedagoškem procesu. Oblikovali smo tudi prosto dostopna učna gradiva in navodila za uporabo digitalnih učnih tehnologij in jih ponudili vsem zainteresiranim učiteljem na portalu Odprta UP (<a href="https://odprtaup.upr.si/">https://odprtaup.upr.si/</a>). Vsa tri leta trajanja projekta smo organizirali tudi Lastovke UP (prvi dve sta se odvijali v tednu odprtega izobraževanja (<a href="https://www.openeducationweek.org/">https://www.openeducationweek.org/</a>), kjer smo izmenjevali dobre prakse pri uporabi IKT v pedagoškem procesu. Posnetki zadnje konference Lastovke 2020, ki so bile posvečene učenju in poučevanju v času pandemije COVID-19, so dostopne na portalu Odprta UP.</p>
<p>&nbsp;</p>
<p><strong>Koordinatorica projekta</strong>: dr. Viktorija Florjančič <em>(UP Fakulteta za management)</em></p>
<p><strong>Člani projektne skupine</strong>: <strong id="yui_3_17_2_1_1569170626828_674"></strong></p>
<p>2017-18: dr. Boštjan Žvanut in dr. Patrik Pucer <em>(UP Fakulteta za vede o zdravju)</em>, mag. Šarolta Godnič Vičič (<em>UP Fakulteta za turistične študije – Turistica)</em>, dr. Branko Kavšek&nbsp;(<em>UP Fakulteta za matematiko, naravoslovje in informacijsko tehnologijo</em>), dr. Jernej Vičič<em> (UP Fakulteta za matematiko, naravoslovje in informacijsko tehnologijo, IAM)</em>, dr. Dejan Hozjan&nbsp;<em>(UP Pedagoška fakulteta)</em> in dr. Stanko Pelc <em>(UP Fakulteta za humanistične študije, UP Pedagoška fakulteta), </em>Marta Alberti<em> (Služba za raziskovalno in razvojno dejavnost)</em>.</p>
<p>2018-19: dr. Boštjan Žvanut in dr. Patrik Pucer <em>(UP Fakulteta za vede o zdravju)</em>, mag. Šarolta Godnič Vičič in Saša Planinc (<em>UP Fakulteta za turistične študije – Turistica)</em>, dr. Jernej Vičič<em> (UP Fakulteta za matematiko, naravoslovje in informacijsko tehnologijo, IAM)</em>, dr. Stanko Pelc <em>(UP Fakulteta za humanistične študije, UP Pedagoška fakulteta), </em>Damjan Muhič<em> (Služba za podobo UP), </em>Oton Lahajnar<em> (Služba za raziskovalno in razvojno dejavnost)</em>.</p>
<p>2019-20: dr. Boštjan Žvanut in dr. Patrik Pucer <em>(UP Fakulteta za vede o zdravju)</em>, mag. Šarolta Godnič Vičič in Saša Planinc (<em>UP Fakulteta za turistične študije – Turistica)</em>, dr. Jernej Vičič<em> (UP Fakulteta za matematiko, naravoslovje in informacijsko tehnologijo, IAM)</em>, dr. Stanko Pelc <em>(UP Fakulteta za humanistične študije, UP Pedagoška fakulteta), </em>Damjan Muhič<em> (Služba za podobo UP), </em>Tjaša Kranjec<em> (Služba za raziskovalno in razvojno dejavnost) </em>in Aleš Oven <em>(Rektorat UP)</em>.</p>
<p><strong>Trajanje projekta</strong>: 2017-2020</p>
<p><strong>Projekt sta financirala:</strong> Ministrstvo za izobraževanje, znanost in šport ter Evropski socialni sklad Evropske unije</p>
<p>&#8212;</p>
<p><span style="font-size: 12px; color: #808080;"><em>Fotografija: CC-BY jcomp / Freepik</em></span></p>

<p>Projekt InoTeZ – Inovativno s tehnologijo do znanja je bil izbran v okviru razpisa »Vključevanje&nbsp; uporabe informacijsko-komunikacijske tehnologije v visokošolskem pedagoškem procesu«, ki ga je razpisalo Ministrstvo za visoko šolstvo, znanost in tehnologijo RS. Razpis se je izvedel v okviru »Operativnega programa za izvajanje evropske kohezijske politike v obdobju 2014–2020«. Operativni program spodbuja prožne oblike učenja in podpira kakovostno karierno orientacijo šolajoče se mladine na vseh ravneh izobraževalnega sistema (Cilj: 10.1.3). Projekt InoTeZ se v večjem delu financira iz sredstev Evropskega socialnega sklada (80 %), razliko pa priskrbi Slovenija. Podobna projekta se izvajata tudi na Univerzi v Ljubljani in Univerzi v Mariboru. Aktivnosti projekta InoTeZ<span class="more-link"><a href="https://blog.turistica.si/inotez/o-projektu/">Več &#8230; </a></span></p>
